 by 6632?
34
Calculate the remainder when 316799 is divided by 165.
164
Calculate the remainder when 7853 is divided by 99.
32
What is the remainder when 1236990 is divided by 412328?
6
What is the remainder when 13539 is divided by 323?
296
What is the remainder when 510 is divided by 141?
87
Calculate the remainder when 9815 is divided by 118.
21
Calculate the remainder when 65849 is divided by 158.
121
Calculate the remainder when 2969 is divided by 734.
33
Calculate the remainder when 5228 is divided by 478.
448
Calculate the remainder when 6188 is divided by 473.
39
Calculate the remainder when 197022 is divided by 12.
6
What is the remainder when 9727 is divided by 152?
151
Calculate the remainder when 17135 is divided by 72.
71
What is the remainder when 210078 is divided by 160?
158
What is the remainder when 3874 is divided by 758?
84
Calculate the remainder when 432575 is divided by 229.
223
What is the remainder when 9407 is divided by 18?
11
Calculate the remainder when 77269 is divided by 696.
13
Calculate the remainder when 248762 is divided by 6546.
14
What is the remainder when 115291 is divided by 23054?
21
What is the remainder when 505758 is divided by 580?
578
Calculate the remainder when 21264 is divided by 2657.
8
What is the remainder when 73590 is divided by 2227?
99
What is the remainder when 73636 is divided by 36817?
2
Calculate the remainder when 43161 is divided by 16.
9
Calculate the remainder when 39423 is divided by 56.
55
What is the remainder when 86583 is divided by 2278?
19
What is the remainder when 81317 is divided by 76?
73
Calculate the remainder when 370840 is divided by 34.
2
What is the remainder when 9115 is divided by 840?
715
Calculate the remainder when 349573 is divided by 220.
213
What is the remainder when 29103 is divided by 76?
71
Calculate the remainder when 273779 is divided by 789.
785
Calculate the remainder when 851 is divided by 83.
21
What is the remainder when 486090 is divided by 15680?
10
What is the remainder when 2334 is divided by 396?
354
What is the remainder when 35631 is divided by 346?
339
What is the remainder when 11961 is divided by 309?
219
What is the remainder when 76011 is divided by 264?
243
What is the remainder when 24530 is divided by 2221?
99
What is the remainder when 7512 is divided by 1499?
17
What is the remainder when 939819 is divided by 1026?
3
Calculate the remainder when 1200 is divided by 397.
9
What is the remainder when 5984 is divided by 173?
102
Calculate the remainder when 134067 is divided by 13.
11
Calculate the remainder when 17661 is divided by 3516.
81
Calculate the remainder when 7982 is divided by 1198.
794
Calculate the remainder when 60771 is divided by 30385.
1
What is the remainder when 12679 is divided by 1513?
575
Calculate the remainder when 1488603 is divided by 176.
171
What is the remainder when 41562 is divided by 13853?
3
Calculate the remainder when 8820 is divided by 70.
0
Calculate the remainder when 3059 is divided by 736.
115
Calculate the remainder when 1144 is divided by 451.
242
What is the remainder when 153105 is divided by 1720?
25
What is the remainder when 21996 is divided by 1381?
1281
Calculate the remainder when 62570 is divided by 13.
1
Calculate the remainder when 7996 is divided by 97.
42
Calculate the remainder when 11732 is divided by 218.
178
Calculate the remainder when 227126 is divided by 1269.
1244
Calculate the remainder when 10129 is divided by 200.
129
Calculate the remainder when 502844 is divided by 29578.
18
What is the remainder when 321242 is divided by 73?
42
What is the remainder when 1770445 is divided by 16?
13
Calculate the remainder when 3788 is divided by 291.
5
What is the remainder when 1098 is divided by 20?
18
Calculate the remainder when 130375 is divided by 19.
16
Calculate the remainder when 4983 is divided by 57.
24
Calculate the remainder when 3923 is divided by 3466.
457
What is the remainder when 11490 is divided by 3827?
9
What is the remainder when 10945 is divided by 476?
473
What is the remainder when 4564 is divided by 759?
10
What is the remainder when 8294 is divided by 5340?
2954
Calculate the remainder when 1018374 is divided by 509186.
2
What is the remainder when 152 is divided by 86?
66
What is the remainder when 4519 is divided by 180?
19
Calculate the remainder when 2113 is divided by 580.
373
Calculate the remainder when 17719 is divided by 477.
70
Calculate the remainder when 66489 is divided by 24.
9
Calculate the remainder when 31016 is divided by 17.
8
Calculate the remainder when 1398 is divided by 279.
3
What is the remainder when 7656 is divided by 380?
56
What is the remainder when 2540 is divided by 632?
12
What is the remainder when 11752 is divided by 38?
10
Calculate the remainder when 59936 is divided by 15.
11
What is the remainder when 180633 is divided by 4014?
3
Calculate the remainder when 443223 is divided by 9.
0
What is the remainder when 3190 is divided by 41?
33
What is the remainder when 13297 is divided by 30?
7
What is the remainder when 111209 is divided by 26?
7
Calculate the remainder when 9211 is divided by 549.
427
Calculate the remainder when 3656 is divided by 914.
0
What is the remainder when 7916 is divided by 113?
6
Calculate the remainder when 5051132 is divided by 878.
876
What is the remainder when 88745 is divided by 11?
8
What is the remainder when 59465 is divided by 66?
65
What is the remainder when 4799 is divided by 1176?
95
What is the remainder when 62903 is divided by 6?
5
What is the remainder when 567 is divided by 556?
11
Calculate the remainder when 1114 is divided by 474.
166
Calculate the remainder when 353424 is divided by 1190.
1184
What is the remainder when 3708 is divided by 650?
458
Calculate the remainder when 658 is divided by 106.
22
Calculate the remainder when 14648 is divided by 48.
8
Calculate the remainder when 110431 is divided by 2.
1
Calculate the remainder when 33388 is divided by 8335.
48
Calculate the remainder when 1327 is divided by 884.
443
What is the remainder when 13810 is divided by 2681?
405
Calculate the remainder when 7780 is divided by 3735.
310
Calculate the remainder when 5994 is divided by 99.
54
Calculate the remainder when 4187 is divided by 1268.
383
What is the remainder when 146996 is divided by 49?
45
What is the remainder when 4563 is divided by 325?
13
What is the remainder when 134958 is divided by 21?
12
Calculate the remainder when 245041 is divided by 161.
160
Calculate the remainder when 7107 is divided by 547.
543
What is the remainder when 2914 is divided by 175?
114
Calculate the remainder when 1275 is divided by 3.
0
Calculate the remainder when 43237 is divided by 14376.
109
What is the remainder when 144218 is divided by 16?
10
Calculate the remainder when 117772 is divided by 2103.
4
What is the remainder when 4895 is divided by 55?
0
What is the remainder when 922 is divided by 91?
12
Calculate the remainder when 216296 is divided by 515.
511
Calculate the remainder when 1939 is divided by 162.
157
What is the remainder when 13259 is divided by 120?
59
What is the remainder when 1276 is divided by 577?
122
Calculate the remainder when 10073 is divided by 403.
401
Calculate the remainder when 2071 is divided by 225.
46
What is the remainder when 5138 is divided by 5115?
23
Calculate the remainder when 1219 is divided by 37.
35
What is the remainder when 36263 is divided by 54?
29
Calculate the remainder when 37098 is divided by 134.
114
Calculate the remainder when 77235 is divided by 314.
305
Calculate the remainder when 1926 is divided by 87.
12
What is the remainder when 16432 is divided by 4098?
40
Calculate the remainder when 21960 is divided by 159.
18
What is the remainder when 462 is divided by 98?
70
Calculate the remainder when 6942 is divided by 5950.
992
What is the remainder when 6298 is divided by 1258?
8
What is the remainder when 4378795 is divided by 615?
610
Calculate the remainder when 3762 is divided by 1849.
64
Calculate the remainder when 548099 is divided by 87.
86
What is the remainder when 3205 is divided by 1063?
16
Calculate the remainder when 42601 is divided by 86.
31
Calculate the remainder when 17559 is divided by 314.
289